ulate the remainder when s is divided by 11.
6
Let w = 1066 + -624. What is the remainder when w is divided by 4?
2
Let c be ((-1)/3)/(8/48). Let w be (-12)/(-2)*(-25)/(-10). Let k = w + c. Calculate the remainder when 35 is divided by k.
9
Suppose c = -2*y + 122, 109 = 5*y - 3*c - 163. Calculate the remainder when 8641 is divided by y.
57
Let q(x) be the third derivative of -x**5/60 + x**4/3 - x**3/2 - 3*x**2. Suppose -293 - 157 = -6*j + 186. What is the remainder when j is divided by q(5)?
10
Let q(s) = -38*s + 3. Let t be q(3). Let c = 125 + t. Calculate the remainder when 69 is divided by c.
13
Let w(c) = -32*c - 306. What is the remainder when 613 is divided by w(-10)?
11
Suppose 10*f + 383*x - 378*x - 335 = 0, 0 = 5*f + 3*x - 170. What is the remainder when 3002 is divided by f?
26
What is the remainder when 705 is divided by ((-148603)/(-897))/((-7)/(-6))?
137
Suppose -2927 - 12356 = -31*c. What is the remainder when c is divided by 2?
1
Suppose 4*l = -5*j + 99, -93 = -2*l - 3*l + 4*j. What is the remainder when 734 is divided by l?
20
Let n(a) = -3*a**2 + a + 97. Let i be 2/4*(1 + -1). What is the remainder when n(i) is divided by 6?
1
Suppose 0 = 25*l - 21*l - 16. Suppose 0 = 3*w + l*b - 0*b - 220, -226 = -3*w - b. What is the remainder when w is divided by 20?
16
Let o be 9/2*-3 + (-174)/(-116). Let l(q) be the first derivative of q**3/3 + 7*q**2 + 32*q + 4. Calculate the remainder when 61 is divided by l(o).
5
Calculate the remainder when 653 is divided by -3 - (20/10 - (323 + 2)).
13
Calculate the remainder when (7*(-1)/(-21))/((-1)/6) + 96 is divided by 52.
42
Let b = 1008 - 988. Calculate the remainder when 132 is divided by b.
12
Suppose -83*p = -473 + 234 - 757. Calculate the remainder when p is divided by 10.
2
Let r(q) = -q**3 - 29*q**2 + 13. What is the remainder when 50 is divided by r(-29)?
11
Let z be (-15)/165 + 551/11. Suppose y + 3*g - 372 = 0, -5*y + 55*g - z*g + 1760 = 0. What is the remainder when y is divided by 60?
57
Suppose 14*r = 10*r - 3*d + 90, -2*r = 3*d - 48. What is the remainder when (-83)/3*(3 + -9) is divided by r?
19
Let l(b) = b. Let f be l(-6). Let t = 226 + -186. Calculate the remainder when t is divided by 8/(-10)*105/f.
12
Let a = -5718 - -6802. Calculate the remainder when a is divided by 50.
34
Let l = 32 - 34. Let z be -4 + 3 + 87 + l. Suppose -2*r = 0, r + r - z = -4*v. Calculate the remainder when 62 is divided by v.
20
Suppose -o = 4*l - 46, -267*o - 3*l = -264*o - 102. What is the remainder when 4727 is divided by o?
17
What is the remainder when 48/72*(640 - 1) is divided by 31?
23
Let f(u) = -10*u - 1. Let t be f(-4). Suppose v - t = -9. Suppose 14123*x = 14129*x - 96. Calculate the remainder when v is divided by x.
14
Let h = 14219 - 14122. What is the remainder when 6107 is divided by h?
93
Let h = -317 - -320. Suppose d = -4*v + 2*v + 12, -81 = -5*d - h*v. Calculate the remainder when 51 is divided by d.
15
Suppose 212 + 340 = 23*s. Suppose -2*o - k + 46 = 0, 0 = o - 4*k + 5*k - s. Calculate the remainder when 283 is divided by o.
19
Let o(f) = -f + 7. Let n be o(7). Suppose n = -10*p + 79 + 41. Let k = 14 + 11. Calculate the remainder when k is divided by p.
1
Let j be (-12309)/(-7) - (-39)/(-91). Suppose 18*i - j = 204. Suppose 106 = 5*k - i. Calculate the remainder when 167 is divided by k.
38
Let s = -371 - -376. Suppose -5*n + 5*w + 95 = 0, 2*w = s*w - 3. Suppose -3*b + 37 = -71. Calculate the remainder when b is divided by n.
16
Suppose 3*u = -404 - 46. Let t = -146 - u. Suppose -t*z + 707 + 73 = 0. What is the remainder when z is divided by 50?
45
Suppose 2*b - 4*h - 42 = 0, 2*b - 39 = -5*h + 6*h. Let j be (-1 + -3)/((-3)/33) + -4. Suppose -4*n - j = -8*n. What is the remainder when b is divided by n?
9
Suppose 4*f - 48 = 16. Suppose -461 = 5*m + k, 8*m - 4*m = -3*k - 360. Let s = m + 102. Calculate the remainder when f is divided by s.
7
Suppose -19503*d = -19496*d - 64253. Calculate the remainder when d is divided by 102.
101
Suppose 98 = 3*p + 2*u + 2*u, p = u + 42. Let g = -996 - -592. Let s = -293 - g. What is the remainder when s is divided by p?
35
Suppose 105 + 21 = 2*t. Let b = 4275 + -4256. Calculate the remainder when t is divided by b.
6
Suppose -w - 3*n = 0, 5*w - 4*n + 23 = 80. Suppose -w*x - 7656 = -33*x. What is the remainder when x is divided by 64?
63
Let v(k) = -k**2 + 21*k - 77. Suppose 3*h = -5*b + 40, 7*b = 6*b - h + 8. Calculate the remainder when 214 is divided by v(b).
25
Let m be (18837/(-24) - -7) + 4/(-32). Let f = 867 + m. Calculate the remainder when f is divided by 10.
9
Suppose 4*n - 501 = 5*u, 54*u = -n + 59*u + 144. What is the remainder when n is divided by 88?
31
Let m = 19 - 1. What is the remainder when m is divided by (0 + -4)*(225/20)/(-9)?
3
Let x(g) = g**3 + 31*g**2 - 73*g - 3072. Let s = -51 + 104. What is the remainder when s is divided by x(-30)?
17
Let o = 310 - 143. Calculate the remainder when o is divided by 102.
65
Let t(o) = -o**3 - 8*o**2 - 9*o - 4. Calculate the remainder when t(-8) is divided by (-3600)/24*11/(-66).
18
Calculate the remainder when (-173271)/(-63) - 1/3 is divided by 131.
130
Suppose -75*c - 338 + 2288 = 0. Calculate the remainder when 76 is divided by c.
24
Let p(r) = 29*r**2 - 151*r + 297. What is the remainder when 312 is divided by p(2)?
90
Suppose -4*g = -5*s - 257 + 34, 2*g + 3*s - 95 = 0. What is the remainder when g is divided by 24?
4
Suppose -2*b = -c - 412, 0 = b + 2*c - 31 - 160. Calculate the remainder when 5472 is divided by b.
194
Let a = -9734 - -9837. Calculate the remainder when 289 is divided by a.
83
Let g be (3558/(-4))/3 + 25/50. Let r = -188 - g. Calculate the remainder when (10/20)/(2/r) is divided by 15.
12
Let q = 2986 - 2709. What is the remainder when q is divided by 68?
5
Suppose -y - 230 = -38*q + 34*q, -82 = -2*q - 5*y. Calculate the remainder when 1846 is divided by q.
54
Suppose t - 3*i - 28 = 0, 2*i + 3*i + 120 = 5*t. Calculate the remainder when 49 is divided by t/2 - (0 - 5).
1
Suppose -22*k - 3*s + 8 = -21*k, 0 = -k - 4*s + 10. Let i(h) = 6*h**2 - 16*h + 24. Calculate the remainder when 34 is divided by i(k).
2
Let t = 4235 + -3768. Calculate the remainder when t is divided by 127.
86
Let c(v) = 5*v**3 + 28*v**2 - 20*v - 30. What is the remainder when 844 is divided by c(-6)?
16
Suppose 0 = 15*l - 26 - 94. Suppose 26 = 2*v - 22. What is the remainder when v is divided by l?
0
Let v = 8528 - 3827. Calculate the remainder when v is divided by 77.
4
Suppose -3*m + 5*m = -36. What is the remainder when (-4)/(-18) + (-104)/m is divided by (-3)/((-3)/(0 - -3))?
0
Let z = 5024 - 4999. Calculate the remainder when 38 is divided by z.
13
Suppose t + 2 = -5*s, -10 = -2*s - s + 5*t. Suppose 9*k + 3*k - 4680 = s. Suppose 0 = 8*p - 18*p + k. Calculate the remainder when p is divided by 13.
0
Suppose 18*i - 672 + 170 = 92. Calculate the remainder when 1446 is divided by i.
27
Let g(k) = -k**3 + 24*k**2 - 29*k - 292. Suppose 4*l - 47 = -3*i, -3*l = 5*i - i - 30. Calculate the remainder when g(22) is divided by l.
10
Suppose 3*k + 10 = 4. Suppose 0 = 4*g - 2*v - 146, 2*v - 3*v = 3*g - 102. Calculate the remainder when (k - -1)/(2/(-138)) is divided by g.
34
Let w(b) = 4*b**2 + 15*b + 11. Let z be w(-3). Suppose -z*o = -v - 49, o - 9 = -4*v - 7. Calculate the remainder when o is divided by (0 + 15 + 0)/1.
7
Let t be 6/3*(-5)/(-2). Suppose -2*h + 21 = t*h. Suppose 16*f - 65 = 11*f. Calculate the remainder when f is divided by h.
1
Suppose -s + 10 = -3*d, 0 = 3*s + 3*d - 0*d - 78. Suppose -60*m + 12700 = -20. Calculate the remainder when m is divided by s.
14
Let z(t) = -105*t - 1336. Calculate the remainder when z(-13) is divided by 2/((-8)/(-6)) - (-115)/46.
1
Suppose 4*g = 5*p, -2*g + p - 1 + 7 = 0. Suppose -2*o - 162 = -g*o. Let n = -36 + o. What is the remainder when 33 is divided by n?
15
Let i(g) be the second derivative of g**5/20 + g**4/6 - 11*g**3/6 + 3*g**2 - 20*g. Let c be i(-5). What is the remainder when 15/105 - 1160/c is divided by 23?
14
Let b(u) = -19*u - 5. Let d be b(-20). Let h = 567 - d. Calculate the remainder when h is divided by 14.
10
Let r be 6 + 4/1*1. Suppose r*n - n - 45 = 0. Calculate the remainder when 51 is divided by n.
1
Let p be (-9 - (-3 - 1))*-19 - -